{"id":4,"date":"2013-03-04T20:18:19","date_gmt":"2013-03-04T20:18:19","guid":{"rendered":"http:\/\/www.tnn.dk\/?page_id=4"},"modified":"2026-02-19T13:43:39","modified_gmt":"2026-02-19T13:43:39","slug":"onskeseddel","status":"publish","type":"page","link":"http:\/\/www.tnn.dk\/?page_id=4","title":{"rendered":"\u00d8nskeseddel"},"content":{"rendered":"<p><span style=\"font-family: trebuchet ms,geneva,sans-serif; font-size: 12pt;\">Her er min \u00f8nskeseddel. Nu ikke n\u00e6rig\u00a0<\/span><span style=\"font-family: trebuchet ms,geneva,sans-serif; font-size: 12pt;\"><img decoding=\"async\" src=\"http:\/\/www.tnn.dk\/wp-content\/plugins\/wp-edit\/plugins\/emoticons\/img\/smiley-laughing.gif\" \/><\/span><span style=\"font-family: trebuchet ms,geneva,sans-serif; font-size: 12pt;\"><br \/>BEM\u00c6RK. Jeg modtager gaver hele \u00e5ret rundt, uanset anledning <\/span><span style=\"font-family: trebuchet ms,geneva,sans-serif; font-size: 12pt;\"><img decoding=\"async\" src=\"http:\/\/www.tnn.dk\/wp-content\/plugins\/wp-edit\/plugins\/emoticons\/img\/smiley-cool.gif\" \/><\/span><\/p>\r\n<ul>\r\n<li><span style=\"font-family: 'trebuchet ms', geneva, sans-serif; font-size: 12pt;\"><strong>BOLIG<\/strong><\/span><br \/><span style=\"font-family: 'trebuchet ms', geneva, sans-serif;\">Philips Hue:<a href=\"https:\/\/www.proshop.dk\/Smart-Home\/Philips-Hue-Fugato-PlateSpiral-4x57W-Spots-Sort\/2797790\" target=\"_blank\" rel=\"noopener\"><span style=\"font-size: 12pt;\">Fugato Plate\/Spiral 4&#215;5.7W Spots &#8211; Sort<\/span><\/a> eller penger hertil!!<br \/><span style=\"font-family: 'trebuchet ms', geneva, sans-serif; font-size: 12pt;\">Philips Hue: 3 stk. <a href=\"https:\/\/www.proshop.dk\/Smart-Home\/Philips-Hue-White-Ambiance-Filament-G125-E27-Globe-Paere-1-Pak\/2990974\" target=\"_blank\" rel=\"noopener\">White Ambiance Filament G125 E27 Globe P\u00e6r<\/a><\/span><\/span><\/li>\r\n<li><span style=\"font-family: Trebuchet MS;\"><strong>B\u00d8GER<br \/><\/strong><\/span><span style=\"color: #b20000;\"><span style=\"font-family: trebuchet ms,geneva,sans-serif;\">B\u00f8ger markeret med * \u00f8nsker jeg mig\u00a0f\u00f8rst!<\/span><\/span><span style=\"color: #b20000;\"><br \/><\/span><em><span style=\"color: #b20000;\"><span style=\"font-family: trebuchet ms,geneva,sans-serif;\"><strong>BEM\u00c6RK<\/strong><\/span><\/span><\/em><span style=\"color: #b20000;\"><br \/><\/span><span style=\"color: #b20000;\"><span style=\"font-family: trebuchet ms,geneva,sans-serif;\"><strong>Jeg er KUN interesseret i e-b\u00f8ger!!<\/strong><\/span><\/span><span style=\"color: #000000;\"><br \/>Tom Buk-Swienty: <a href=\"https:\/\/www.bog-ide.dk\/produkt\/4891920\/tom-buk-swienty-berlin-braender-ebog\/3210136\" target=\"_blank\" rel=\"noopener\">Berlin Br\u00e6nder<\/a>.<\/span><\/li>\r\n<li><span style=\"font-family: 'trebuchet ms', geneva, sans-serif;\"><strong>ELEKTRISK TOG<br \/><\/strong>M\u00e4rklin st\u00f8rrelse Z: <a href=\"https:\/\/kystbanen.dk\/shop\/bahnubergang-m-halbschranke-7090p.html\" target=\"_blank\" rel=\"noopener\">Baneoversk\u00e6ring<\/a>.<br \/>M\u00e4rklin st\u00f8rrelse Z: <a href=\"https:\/\/kystbanen.dk\/shop\/erweiterungspack-e-m-9310p.html\" target=\"_blank\" rel=\"noopener\">Udvidelsespakke<\/a>.<\/span><\/li>\r\n<li><strong><strong><span style=\"font-family: 'trebuchet ms', geneva, sans-serif;\">FOTO<\/span><br \/><\/strong><\/strong><span style=\"font-family: trebuchet ms, geneva, sans-serif;\">n\/a<\/span><\/li>\r\n<li><span style=\"font-family: 'trebuchet ms', geneva, sans-serif;\"><strong>HUSHOLDNING<\/strong><\/span><br \/><span style=\"font-family: 'trebuchet ms', geneva, sans-serif;\">Scanpan: <a href=\"https:\/\/www.scanpan.eu\/da-dk\/shop\/knivsliber-classic\/sort\">Knivsliber<\/a><\/span><\/li>\r\n<li><span style=\"font-family: 'trebuchet ms', geneva, sans-serif;\"><strong>APPLE<\/strong><\/span><br \/><span style=\"font-family: trebuchet ms, geneva, sans-serif;\">n\/a<\/span><\/li>\r\n<li><span style=\"font-family: 'trebuchet ms', geneva, sans-serif;\"><strong>TROMMER\/MUSIK<\/strong><\/span><br \/><span style=\"font-family: 'trebuchet ms', geneva, sans-serif;\"> Big Beat: ALS 200\u00a0<\/span><span style=\"font-family: 'trebuchet ms', geneva, sans-serif;\">Aluminium Shaker<\/span><span style=\"font-family: 'trebuchet ms', geneva, sans-serif;\">, Sort.<\/span><br \/><span style=\"font-family: 'trebuchet ms', geneva, sans-serif;\">Cympad Cromatics: <\/span><span style=\"font-family: 'trebuchet ms', geneva, sans-serif;\"><a href=\"https:\/\/www.thomann.de\/dk\/cympad_chromatics_set_orange_40_15mm.htm\" target=\"_blank\" rel=\"noopener noreferrer\">Skumskiver til b\u00e6kkenstativ<\/a><\/span><span style=\"font-family: 'trebuchet ms', geneva, sans-serif;\">, orange.<\/span><span style=\"font-family: 'trebuchet ms', geneva, sans-serif;\"><br \/>Sennheiser: <a href=\"https:\/\/www.thomann.de\/intl\/sennheiser_600_drum_set.htm\" target=\"_blank\" rel=\"noopener\">600 Drum Set<\/a>. Tromme Mikrofoner<\/span><span style=\"font-family: 'trebuchet ms', geneva, sans-serif;\"><br \/><\/span><\/li>\r\n<li><strong><strong><span style=\"font-family: 'trebuchet ms', geneva, sans-serif;\">V\u00c6RKT\u00d8J<br \/><\/span><\/strong><\/strong><span style=\"font-family: 'trebuchet ms', geneva, sans-serif;\">n\/a<\/span><strong><strong><span style=\"font-family: 'trebuchet ms', geneva, sans-serif;\"><br \/><\/span><\/strong><\/strong><strong><span style=\"font-family: 'trebuchet ms', geneva, sans-serif;\"><br \/><\/span><\/strong><\/li>\r\n<\/ul>\r\n<p><!--more--><\/p>\r\n\r\n<p>&nbsp;<\/p>\r\n","protected":false},"excerpt":{"rendered":"<p>Her er min \u00f8nskeseddel. Nu ikke n\u00e6rig\u00a0BEM\u00c6RK. Jeg modtager gaver hele \u00e5ret rundt, uanset anledning BOLIGPhilips Hue:Fugato Plate\/Spiral 4&#215;5.7W Spots &#8211; Sort eller penger hertil!!Philips Hue: 3 stk. White Ambiance Filament G125 E27 Globe P\u00e6r B\u00d8GERB\u00f8ger markeret med * \u00f8nsker &hellip; <a href=\"http:\/\/www.tnn.dk\/?page_id=4\">L\u00e6s resten <span class=\"meta-nav\">&rarr;<\/span><\/a><\/p>\n","protected":false},"author":1,"featured_media":0,"parent":0,"menu_order":100,"comment_status":"closed","ping_status":"closed","template":"onecolumn-page.php","meta":{"footnotes":""},"class_list":["post-4","page","type-page","status-publish","hentry"],"_links":{"self":[{"href":"http:\/\/www.tnn.dk\/index.php?rest_route=\/wp\/v2\/pages\/4","targetHints":{"allow":["GET"]}}],"collection":[{"href":"http:\/\/www.tnn.dk\/index.php?rest_route=\/wp\/v2\/pages"}],"about":[{"href":"http:\/\/www.tnn.dk\/index.php?rest_route=\/wp\/v2\/types\/page"}],"author":[{"embeddable":true,"href":"http:\/\/www.tnn.dk\/index.php?rest_route=\/wp\/v2\/users\/1"}],"replies":[{"embeddable":true,"href":"http:\/\/www.tnn.dk\/index.php?rest_route=%2Fwp%2Fv2%2Fcomments&post=4"}],"version-history":[{"count":219,"href":"http:\/\/www.tnn.dk\/index.php?rest_route=\/wp\/v2\/pages\/4\/revisions"}],"predecessor-version":[{"id":563,"href":"http:\/\/www.tnn.dk\/index.php?rest_route=\/wp\/v2\/pages\/4\/revisions\/563"}],"wp:attachment":[{"href":"http:\/\/www.tnn.dk\/index.php?rest_route=%2Fwp%2Fv2%2Fmedia&parent=4"}],"curies":[{"name":"wp","href":"https:\/\/api.w.org\/{rel}","templated":true}]}}